{"id":1239,"date":"2018-11-22T10:13:23","date_gmt":"2018-11-22T13:13:23","guid":{"rendered":"https:\/\/des-mis.infd.edu.ar\/sitio\/?page_id=1239"},"modified":"2019-02-22T09:13:30","modified_gmt":"2019-02-22T12:13:30","slug":"comercio-n-19","status":"publish","type":"page","link":"https:\/\/des-mis.infd.edu.ar\/sitio\/comercio-n-19\/","title":{"rendered":"Comercio N\u00b0 19"},"content":{"rendered":"<p><span style=\"font-weight: 400;\"><img decoding=\"async\" loading=\"lazy\" class=\"alignnone size-medium wp-image-1729\" src=\"https:\/\/des-mis.infd.edu.ar\/sitio\/wp-content\/uploads\/2018\/12\/administracion-1000x234.jpg\" alt=\"\" width=\"1000\" height=\"234\" srcset=\"https:\/\/des-mis.infd.edu.ar\/sitio\/wp-content\/uploads\/2018\/12\/administracion-1000x234.jpg 1000w, https:\/\/des-mis.infd.edu.ar\/sitio\/wp-content\/uploads\/2018\/12\/administracion-768x179.jpg 768w, https:\/\/des-mis.infd.edu.ar\/sitio\/wp-content\/uploads\/2018\/12\/administracion-1900x444.jpg 1900w\" sizes=\"(max-width: 1000px) 100vw, 1000px\" \/><\/span><br \/>\n<b>Localidad:<\/b><span style=\"font-weight: 400;\"> Eldorado<\/span><br \/>\n<b>Ubicaci\u00f3n: <\/b><span style=\"font-weight: 400;\">-26.40386, -54.61074<\/span><br \/>\n<iframe loading=\"lazy\" style=\"border: 0;\" src=\"https:\/\/www.google.com\/maps\/embed?pb=!1m14!1m8!1m3!1d14294.274237195961!2d-54.61106!3d-26.4051229!3m2!1i1024!2i768!4f13.1!3m3!1m2!1s0x0%3A0xb90cf4579b5de61b!2sEsc+De+Comercio+Nro+19!5e0!3m2!1ses!2sar!4v1545310346151\" width=\"600\" height=\"450\" frameborder=\"0\" allowfullscreen=\"allowfullscreen\"><\/iframe><br \/>\n<b>Tel\u00e9fono de contacto: <\/b><span style=\"font-weight: 400;\">\u00a03751426075<\/span><br \/>\n<b>Correo Electr\u00f3nico:<\/b><span style=\"font-weight: 400;\"> Comercio19eldorado@yahoo.com.ar<\/span><\/p>\n<h3><span style=\"font-weight: 400;\">Carrera: <\/span><b><i>T\u00e9cnico Superior en Administraci\u00f3n de PyMES<\/i><\/b><\/h3>\n<p style=\"text-align: left;\"><b>Descripci\u00f3n:<\/b><br \/>\n<span style=\"font-weight: 400;\">El T\u00e9cnico Superior podr\u00e1 insertarse en el mercado laboral y profesional aportando conocimientos y habilidades administrativas e innovaciones tecnol\u00f3gicas, contribuyendo con el desarrollo regional en las peque\u00f1as y medianas empresas. Adem\u00e1s tendr\u00e1 los conocimientos, competencias y habilidades para desarrollar su propio micro emprendimiento, incorpor\u00e1ndose a un sistema productivo complejo de manera aut\u00f3noma y din\u00e1mica.<\/span><\/p>\n","protected":false},"excerpt":{"rendered":"<p>Localidad: Eldorado Ubicaci\u00f3n: -26.40386, -54.61074 Tel\u00e9fono de contacto: \u00a03751426075 Correo Electr\u00f3nico: Comercio19eldorado@yahoo.com.ar Carrera: T\u00e9cnico Superior en Administraci\u00f3n de PyMES Descripci\u00f3n: El T\u00e9cnico Superior podr\u00e1 insertarse en el mercado laboral y profesional aportando conocimientos y habilidades administrativas e innovaciones tecnol\u00f3gicas, contribuyendo con el desarrollo regional en las peque\u00f1as y medianas empresas. Adem\u00e1s tendr\u00e1 los conocimientos, competencias &#8230; <a title=\"Comercio N\u00b0 19\" class=\"read-more\" href=\"https:\/\/des-mis.infd.edu.ar\/sitio\/comercio-n-19\/\" aria-label=\"More on Comercio N\u00b0 19\">[+]<\/a><\/p>\n","protected":false},"author":34,"featured_media":0,"parent":0,"menu_order":0,"comment_status":"closed","ping_status":"closed","template":"","meta":[],"acf":[],"_links":{"self":[{"href":"https:\/\/des-mis.infd.edu.ar\/sitio\/wp-json\/wp\/v2\/pages\/1239"}],"collection":[{"href":"https:\/\/des-mis.infd.edu.ar\/sitio\/wp-json\/wp\/v2\/pages"}],"about":[{"href":"https:\/\/des-mis.infd.edu.ar\/sitio\/wp-json\/wp\/v2\/types\/page"}],"author":[{"embeddable":true,"href":"https:\/\/des-mis.infd.edu.ar\/sitio\/wp-json\/wp\/v2\/users\/34"}],"replies":[{"embeddable":true,"href":"https:\/\/des-mis.infd.edu.ar\/sitio\/wp-json\/wp\/v2\/comments?post=1239"}],"version-history":[{"count":9,"href":"https:\/\/des-mis.infd.edu.ar\/sitio\/wp-json\/wp\/v2\/pages\/1239\/revisions"}],"predecessor-version":[{"id":1836,"href":"https:\/\/des-mis.infd.edu.ar\/sitio\/wp-json\/wp\/v2\/pages\/1239\/revisions\/1836"}],"wp:attachment":[{"href":"https:\/\/des-mis.infd.edu.ar\/sitio\/wp-json\/wp\/v2\/media?parent=1239"}],"curies":[{"name":"wp","href":"https:\/\/api.w.org\/{rel}","templated":true}]}}