{"id":1263,"date":"2018-11-22T10:30:34","date_gmt":"2018-11-22T13:30:34","guid":{"rendered":"https:\/\/des-mis.infd.edu.ar\/sitio\/?page_id=1263"},"modified":"2018-11-22T10:30:37","modified_gmt":"2018-11-22T13:30:37","slug":"epet-n-2","status":"publish","type":"page","link":"https:\/\/des-mis.infd.edu.ar\/sitio\/epet-n-2\/","title":{"rendered":"EPET N\u00b0 2"},"content":{"rendered":"<p><span style=\"font-weight: 400;\">Carrera: <\/span><b><i>T\u00e9cnico Superior en Dise\u00f1o de Moda y producci\u00f3n de Indumentaria<\/i><\/b><\/p>\n<p><b>Instituto: <\/b><b>EPET N\u00ba 2<\/b><\/p>\n<p><b>Localidad:<\/b><span style=\"font-weight: 400;\"> Posadas<\/span><\/p>\n<p><b>Ubicaci\u00f3n:<\/b> <span style=\"font-weight: 400;\">-27.36375, -55.90291<\/span><\/p>\n<p><b>Tel\u00e9fono de contacto: <\/b><span style=\"font-weight: 400;\">\u00a00376 4423658<\/span><\/p>\n<p><b>Correo Electr\u00f3nico:<\/b><span style=\"font-weight: 400;\"> escproveducatec2@gmail.com<\/span><\/p>\n<p>&nbsp;<\/p>\n<p><b>Descripci\u00f3n:<\/b><\/p>\n<p><span style=\"font-weight: 400;\">Este profesional puede desempe\u00f1arse de manera competente en un rango variado de actividades del dise\u00f1o de Moda, confecci\u00f3n de prendas a medidas y producci\u00f3n de prendas en serie. Tiene capacidad para realizar operaciones de dise\u00f1o, elaboraci\u00f3n de moldes base, transformaciones y patrones industrializados, realizar ensamble, cosido y acabado de prendas, operando diferentes m\u00e1quinas en forma aut\u00f3noma. <\/span><\/p>\n<p><span style=\"font-weight: 400;\">Dise\u00f1ar estrategias de venta y marketing de los productos de los que realiza. Se encuentra preparado para resolver problemas rutinarios simples que se presentan durante el proceso de producci\u00f3n, utilizar herramientas y manipular diferentes insumos. Saber determinar en qu\u00e9 situaciones debe recurrir a otros especialistas para alg\u00fan asesoramiento espec\u00edfico. Poseer responsabilidad sobre su propio aprendizaje y trabajo.<\/span><\/p>\n<p>&nbsp;<\/p>\n<p><span style=\"font-weight: 400;\">Carrera: <\/span><b><i>T\u00e9cnico Superior en Higiene y Seguridad en el Trabajo<\/i><\/b><\/p>\n<p><b>Instituto: <\/b><b>EPET N\u00ba 2<\/b><\/p>\n<p><b>Localidad:<\/b><span style=\"font-weight: 400;\"> Posadas<\/span><\/p>\n<p><b>Ubicaci\u00f3n: <\/b><span style=\"font-weight: 400;\">-27.36375, -55.90291<\/span><\/p>\n<p><b>Tel\u00e9fono de contacto: <\/b><span style=\"font-weight: 400;\">\u00a00376 4423658<\/span><\/p>\n<p><b>Correo Electr\u00f3nico:<\/b><span style=\"font-weight: 400;\"> escproveducatec2@gmail.com<\/span><\/p>\n<p>&nbsp;<\/p>\n<p><b>Descripci\u00f3n:<\/b><\/p>\n<p><span style=\"font-weight: 400;\">El \u00a0t\u00e9cnico en \u00a0Higiene y Seguridad en el trabajo estar\u00e1 habilitado para la realizaci\u00f3n de las siguientes actividades profesionales: Atenci\u00f3n personal o en equipos, de todas las funciones y obligaciones detalladas y emergentes de la Ley Nacional N\u00ba 19.587 y su decreto reglamentario, sobre Higiene y Seguridad en el Trabajo. Administraci\u00f3n Asesoramiento, catalogaci\u00f3n y fiscalizaci\u00f3n de riesgos para su cobertura a trav\u00e9s de seguros. Dise\u00f1o y aplicaci\u00f3n de elementos y equipos para protecci\u00f3n personal y ambiental, de defensa contra incendios y de Seguridad e Higiene en general. Actuar como perito t\u00e9cnico, asesor o \u00e1rbitro de la especialidad de Higiene y Seguridad en el Trabajo, en litigios judiciales o extrajudiciales.<\/span><\/p>\n<p>&nbsp;<\/p>\n","protected":false},"excerpt":{"rendered":"<p>Carrera: T\u00e9cnico Superior en Dise\u00f1o de Moda y producci\u00f3n de Indumentaria Instituto: EPET N\u00ba 2 Localidad: Posadas Ubicaci\u00f3n: -27.36375, -55.90291 Tel\u00e9fono de contacto: \u00a00376 4423658 Correo Electr\u00f3nico: escproveducatec2@gmail.com &nbsp; Descripci\u00f3n: Este profesional puede desempe\u00f1arse de manera competente en un rango variado de actividades del dise\u00f1o de Moda, confecci\u00f3n de prendas a medidas y producci\u00f3n de &#8230; <a title=\"EPET N\u00b0 2\" class=\"read-more\" href=\"https:\/\/des-mis.infd.edu.ar\/sitio\/epet-n-2\/\" aria-label=\"More on EPET N\u00b0 2\">[+]<\/a><\/p>\n","protected":false},"author":34,"featured_media":0,"parent":0,"menu_order":0,"comment_status":"closed","ping_status":"closed","template":"","meta":[],"acf":[],"_links":{"self":[{"href":"https:\/\/des-mis.infd.edu.ar\/sitio\/wp-json\/wp\/v2\/pages\/1263"}],"collection":[{"href":"https:\/\/des-mis.infd.edu.ar\/sitio\/wp-json\/wp\/v2\/pages"}],"about":[{"href":"https:\/\/des-mis.infd.edu.ar\/sitio\/wp-json\/wp\/v2\/types\/page"}],"author":[{"embeddable":true,"href":"https:\/\/des-mis.infd.edu.ar\/sitio\/wp-json\/wp\/v2\/users\/34"}],"replies":[{"embeddable":true,"href":"https:\/\/des-mis.infd.edu.ar\/sitio\/wp-json\/wp\/v2\/comments?post=1263"}],"version-history":[{"count":1,"href":"https:\/\/des-mis.infd.edu.ar\/sitio\/wp-json\/wp\/v2\/pages\/1263\/revisions"}],"predecessor-version":[{"id":1265,"href":"https:\/\/des-mis.infd.edu.ar\/sitio\/wp-json\/wp\/v2\/pages\/1263\/revisions\/1265"}],"wp:attachment":[{"href":"https:\/\/des-mis.infd.edu.ar\/sitio\/wp-json\/wp\/v2\/media?parent=1263"}],"curies":[{"name":"wp","href":"https:\/\/api.w.org\/{rel}","templated":true}]}}