{"id":1269,"date":"2018-11-22T11:35:59","date_gmt":"2018-11-22T14:35:59","guid":{"rendered":"https:\/\/des-mis.infd.edu.ar\/sitio\/?page_id=1269"},"modified":"2018-11-22T11:36:05","modified_gmt":"2018-11-22T14:36:05","slug":"epet-no-7","status":"publish","type":"page","link":"https:\/\/des-mis.infd.edu.ar\/sitio\/epet-no-7\/","title":{"rendered":"EPET N\u00ba 7"},"content":{"rendered":"<p><span style=\"font-weight: 400;\">Carrera: <\/span><b><i>T\u00e9cnico Superior en Dise\u00f1o y Montaje de Instalaciones Electromec\u00e1nicas<\/i><\/b><\/p>\n<p><b>Instituto: <\/b><b>EPET N\u00ba 7<\/b><\/p>\n<p><b>Localidad:<\/b><span style=\"font-weight: 400;\"> Jard\u00edn Am\u00e9rica<\/span><\/p>\n<p><b>Ubicaci\u00f3n: <\/b><span style=\"font-weight: 400;\">-27.0382, -55.22153<\/span><\/p>\n<p><b>Tel\u00e9fono de contacto: <\/b><span style=\"font-weight: 400;\">\u00a0<\/span><span style=\"font-weight: 400;\">03743-460004<\/span><\/p>\n<p><b>Correo Electr\u00f3nico:<\/b> <span style=\"font-weight: 400;\">epetn7@gmail.com<\/span><\/p>\n<p>&nbsp;<\/p>\n<p><b>Descripci\u00f3n:<\/b><\/p>\n<p><span style=\"font-weight: 400;\">El T\u00e9cnico Superior en Dise\u00f1o y Montaje de Instalaciones Electromec\u00e1nicas est\u00e1 capacitado para manifestar conocimientos, habilidades, destrezas, valores y actitudes en situaciones reales de trabajo, conforme a criterios de profesionalidad propios de su \u00e1rea y de responsabilidad social al llevar a cabo las siguientes funciones profesionales: proyectar y dise\u00f1ar equipos e instalaciones electromec\u00e1nicas industriales; operar equipos e instalaciones industriales de edificios e infraestructura; realizar el mantenimiento preventivo, \u00a0predictivo y correctivo de equipos e instalaciones electromec\u00e1nicas; suministrar los servicios auxiliares en empresas industriales, edificios e infraestructura urbana; realizar e interpretar ensayos de materiales y ensayos el\u00e9ctricos, mec\u00e1nicos y electromec\u00e1nicos; realizar la selecci\u00f3n, asesoramiento y comercializaci\u00f3n de equipamiento e instalaciones electromec\u00e1nicas; generar y participar en emprendimientos.<\/span><\/p>\n","protected":false},"excerpt":{"rendered":"<p>Carrera: T\u00e9cnico Superior en Dise\u00f1o y Montaje de Instalaciones Electromec\u00e1nicas Instituto: EPET N\u00ba 7 Localidad: Jard\u00edn Am\u00e9rica Ubicaci\u00f3n: -27.0382, -55.22153 Tel\u00e9fono de contacto: \u00a003743-460004 Correo Electr\u00f3nico: epetn7@gmail.com &nbsp; Descripci\u00f3n: El T\u00e9cnico Superior en Dise\u00f1o y Montaje de Instalaciones Electromec\u00e1nicas est\u00e1 capacitado para manifestar conocimientos, habilidades, destrezas, valores y actitudes en situaciones reales de trabajo, conforme &#8230; <a title=\"EPET N\u00ba 7\" class=\"read-more\" href=\"https:\/\/des-mis.infd.edu.ar\/sitio\/epet-no-7\/\" aria-label=\"More on EPET N\u00ba 7\">[+]<\/a><\/p>\n","protected":false},"author":34,"featured_media":0,"parent":0,"menu_order":0,"comment_status":"closed","ping_status":"closed","template":"","meta":[],"acf":[],"_links":{"self":[{"href":"https:\/\/des-mis.infd.edu.ar\/sitio\/wp-json\/wp\/v2\/pages\/1269"}],"collection":[{"href":"https:\/\/des-mis.infd.edu.ar\/sitio\/wp-json\/wp\/v2\/pages"}],"about":[{"href":"https:\/\/des-mis.infd.edu.ar\/sitio\/wp-json\/wp\/v2\/types\/page"}],"author":[{"embeddable":true,"href":"https:\/\/des-mis.infd.edu.ar\/sitio\/wp-json\/wp\/v2\/users\/34"}],"replies":[{"embeddable":true,"href":"https:\/\/des-mis.infd.edu.ar\/sitio\/wp-json\/wp\/v2\/comments?post=1269"}],"version-history":[{"count":1,"href":"https:\/\/des-mis.infd.edu.ar\/sitio\/wp-json\/wp\/v2\/pages\/1269\/revisions"}],"predecessor-version":[{"id":1271,"href":"https:\/\/des-mis.infd.edu.ar\/sitio\/wp-json\/wp\/v2\/pages\/1269\/revisions\/1271"}],"wp:attachment":[{"href":"https:\/\/des-mis.infd.edu.ar\/sitio\/wp-json\/wp\/v2\/media?parent=1269"}],"curies":[{"name":"wp","href":"https:\/\/api.w.org\/{rel}","templated":true}]}}