{"id":1323,"date":"2018-11-22T12:29:02","date_gmt":"2018-11-22T15:29:02","guid":{"rendered":"https:\/\/des-mis.infd.edu.ar\/sitio\/?page_id=1323"},"modified":"2018-11-22T12:29:02","modified_gmt":"2018-11-22T15:29:02","slug":"cens-no-176","status":"publish","type":"page","link":"https:\/\/des-mis.infd.edu.ar\/sitio\/cens-no-176\/","title":{"rendered":"CENS N\u00ba 176"},"content":{"rendered":"<p><span style=\"font-weight: 400;\">Carrera: <\/span><b><i>Tecnicatura Superior en Inform\u00e1tica Aplicada a la Administraci\u00f3n P\u00fablica<\/i><\/b><\/p>\n<p><b>Instituto: <\/b><b>CENS N\u00ba 176<\/b><\/p>\n<p><b>Localidad:<\/b><span style=\"font-weight: 400;\"> Posadas<\/span><\/p>\n<p><b>Ubicaci\u00f3n:<\/b> <span style=\"font-weight: 400;\">-27.395378,-55.906624<\/span><\/p>\n<p><b>Tel\u00e9fono de contacto:<\/b><\/p>\n<p><b>Correo Electr\u00f3nico:<\/b><span style=\"font-weight: 400;\"> info.cens176@gmail.com<\/span><\/p>\n<p>&nbsp;<\/p>\n<p><b>Descripci\u00f3n:<\/b><\/p>\n","protected":false},"excerpt":{"rendered":"<p>Carrera: Tecnicatura Superior en Inform\u00e1tica Aplicada a la Administraci\u00f3n P\u00fablica Instituto: CENS N\u00ba 176 Localidad: Posadas Ubicaci\u00f3n: -27.395378,-55.906624 Tel\u00e9fono de contacto: Correo Electr\u00f3nico: info.cens176@gmail.com &nbsp; Descripci\u00f3n:<\/p>\n","protected":false},"author":34,"featured_media":0,"parent":0,"menu_order":0,"comment_status":"closed","ping_status":"closed","template":"","meta":[],"acf":[],"_links":{"self":[{"href":"https:\/\/des-mis.infd.edu.ar\/sitio\/wp-json\/wp\/v2\/pages\/1323"}],"collection":[{"href":"https:\/\/des-mis.infd.edu.ar\/sitio\/wp-json\/wp\/v2\/pages"}],"about":[{"href":"https:\/\/des-mis.infd.edu.ar\/sitio\/wp-json\/wp\/v2\/types\/page"}],"author":[{"embeddable":true,"href":"https:\/\/des-mis.infd.edu.ar\/sitio\/wp-json\/wp\/v2\/users\/34"}],"replies":[{"embeddable":true,"href":"https:\/\/des-mis.infd.edu.ar\/sitio\/wp-json\/wp\/v2\/comments?post=1323"}],"version-history":[{"count":1,"href":"https:\/\/des-mis.infd.edu.ar\/sitio\/wp-json\/wp\/v2\/pages\/1323\/revisions"}],"predecessor-version":[{"id":1325,"href":"https:\/\/des-mis.infd.edu.ar\/sitio\/wp-json\/wp\/v2\/pages\/1323\/revisions\/1325"}],"wp:attachment":[{"href":"https:\/\/des-mis.infd.edu.ar\/sitio\/wp-json\/wp\/v2\/media?parent=1323"}],"curies":[{"name":"wp","href":"https:\/\/api.w.org\/{rel}","templated":true}]}}